{"id":30,"date":"2014-09-25T09:19:27","date_gmt":"2014-09-25T08:19:27","guid":{"rendered":"https:\/\/franckdespagne.com\/?page_id=30"},"modified":"2025-10-24T15:58:56","modified_gmt":"2025-10-24T14:58:56","slug":"chateau-jamard-belcour-lussac-saint-emilion","status":"publish","type":"page","link":"https:\/\/www.franckdespagne.com\/fr\/chateau-jamard-belcour-lussac-saint-emilion\/","title":{"rendered":"Ch\u00e2teau Jamard Belcour"},"content":{"rendered":"<p><span class=\"legend_product\">Lussac Saint Emilion<\/span><\/p>\n<p>Vin \u00e9lev\u00e9 en cuve qui procure un r\u00e9el plaisir avec de l\u2019\u00e9l\u00e9gance et la fra\u00eecheur du fruit.<br \/>\nVin \u00e0 appr\u00e9cier dans les 3 \u00e0 5 ans&#8230;<\/p>\n<p class=\"text_light\">Terroir : argilo calcaire et limono argileux<br \/>\n90% merlot et 10% cabernet franc<\/p>\n<p><strong>2022 &#8211; M\u00e9daille d&rsquo;or au Concours de Lyon<br \/>\n2021 &#8211; M\u00e9daille d&rsquo;argent au Concours de Bordeaux<br \/>\n2020 &#8211; M\u00e9daille d&rsquo;or au Concours de Bordeaux<br \/>\n2018 &#8211; M\u00e9daille de bronze au Concours de Bordeaux<br \/>\n2016 &#8211; M\u00e9daille d&rsquo;or au Concours de Bordeaux<br \/>\n2016 &#8211; M\u00e9daille d&rsquo;or au Concours de Lyon<br \/>\n2014 &#8211; M\u00e9daille de bronze au Concours de Bordeaux<br \/>\n2012 &#8211; M\u00e9daille d&rsquo;argent au Concours de Bordeaux<\/strong><\/p>\n","protected":false},"excerpt":{"rendered":"<p>Lussac Saint Emilion Vin \u00e9lev\u00e9 en cuve qui procure un r\u00e9el plaisir avec de l\u2019\u00e9l\u00e9gance et la fra\u00eecheur du fruit. Vin \u00e0 appr\u00e9cier dans les 3 \u00e0 5 ans&#8230; Terroir : argilo calcaire et limono argileux 90% merlot et 10% cabernet franc 2022 &#8211; M\u00e9daille d&rsquo;or au Concours de Lyon 2021 &#8211; M\u00e9daille d&rsquo;argent au [&hellip;]<\/p>\n","protected":false},"author":1,"featured_media":934,"parent":0,"menu_order":0,"comment_status":"open","ping_status":"open","template":"page-templates\/full-width.php","meta":{"footnotes":""},"yoast_head":"<!-- This site is optimized with the Yoast SEO plugin v24.4 - https:\/\/yoast.com\/wordpress\/plugins\/seo\/ -->\n<title>Chateau Jamard Belcour - Lussac Saint Emilion - Franck Despagne<\/title>\n<meta name=\"description\" content=\"Vin \u00e9lev\u00e9 en cuve qui procure un r\u00e9el plaisir avec de l\u2019\u00e9l\u00e9gance et la fra\u00eecheur du fruit. Vin \u00e0 appr\u00e9cier dans les 3 \u00e0 5 ans\" \/>\n<meta name=\"robots\" content=\"index, follow, max-snippet:-1, max-image-preview:large, max-video-preview:-1\" \/>\n<link rel=\"canonical\" href=\"https:\/\/www.franckdespagne.com\/fr\/chateau-jamard-belcour-lussac-saint-emilion\/\" \/>\n<meta property=\"og:locale\" content=\"fr_FR\" \/>\n<meta property=\"og:type\" content=\"article\" \/>\n<meta property=\"og:title\" content=\"Chateau Jamard Belcour - Lussac Saint Emilion - Franck Despagne\" \/>\n<meta property=\"og:description\" content=\"Vin \u00e9lev\u00e9 en cuve qui procure un r\u00e9el plaisir avec de l\u2019\u00e9l\u00e9gance et la fra\u00eecheur du fruit. Vin \u00e0 appr\u00e9cier dans les 3 \u00e0 5 ans\" \/>\n<meta property=\"og:url\" content=\"https:\/\/www.franckdespagne.com\/fr\/chateau-jamard-belcour-lussac-saint-emilion\/\" \/>\n<meta property=\"og:site_name\" content=\"Franck Despagne - Montagne Saint-Emilion\" \/>\n<meta property=\"article:modified_time\" content=\"2025-10-24T14:58:56+00:00\" \/>\n<meta property=\"og:image\" content=\"https:\/\/www.franckdespagne.com\/wp-content\/uploads\/2020-jamard-bellecour-lussac-saint-emilion-bordeaux.png\" \/>\n\t<meta property=\"og:image:width\" content=\"250\" \/>\n\t<meta property=\"og:image:height\" content=\"500\" \/>\n\t<meta property=\"og:image:type\" content=\"image\/png\" \/>\n<meta name=\"twitter:label1\" content=\"Dur\u00e9e de lecture estim\u00e9e\" \/>\n\t<meta name=\"twitter:data1\" content=\"1 minute\" \/>\n<script type=\"application\/ld+json\" class=\"yoast-schema-graph\">{\"@context\":\"https:\/\/schema.org\",\"@graph\":[{\"@type\":\"WebPage\",\"@id\":\"https:\/\/www.franckdespagne.com\/fr\/chateau-jamard-belcour-lussac-saint-emilion\/\",\"url\":\"https:\/\/www.franckdespagne.com\/fr\/chateau-jamard-belcour-lussac-saint-emilion\/\",\"name\":\"Chateau Jamard Belcour - Lussac Saint Emilion - Franck Despagne\",\"isPartOf\":{\"@id\":\"https:\/\/www.franckdespagne.com\/fr\/#website\"},\"primaryImageOfPage\":{\"@id\":\"https:\/\/www.franckdespagne.com\/fr\/chateau-jamard-belcour-lussac-saint-emilion\/#primaryimage\"},\"image\":{\"@id\":\"https:\/\/www.franckdespagne.com\/fr\/chateau-jamard-belcour-lussac-saint-emilion\/#primaryimage\"},\"thumbnailUrl\":\"https:\/\/www.franckdespagne.com\/wp-content\/uploads\/2020-jamard-bellecour-lussac-saint-emilion-bordeaux.png\",\"datePublished\":\"2014-09-25T08:19:27+00:00\",\"dateModified\":\"2025-10-24T14:58:56+00:00\",\"description\":\"Vin \u00e9lev\u00e9 en cuve qui procure un r\u00e9el plaisir avec de l\u2019\u00e9l\u00e9gance et la fra\u00eecheur du fruit. Vin \u00e0 appr\u00e9cier dans les 3 \u00e0 5 ans\",\"breadcrumb\":{\"@id\":\"https:\/\/www.franckdespagne.com\/fr\/chateau-jamard-belcour-lussac-saint-emilion\/#breadcrumb\"},\"inLanguage\":\"fr-FR\",\"potentialAction\":[{\"@type\":\"ReadAction\",\"target\":[\"https:\/\/www.franckdespagne.com\/fr\/chateau-jamard-belcour-lussac-saint-emilion\/\"]}]},{\"@type\":\"ImageObject\",\"inLanguage\":\"fr-FR\",\"@id\":\"https:\/\/www.franckdespagne.com\/fr\/chateau-jamard-belcour-lussac-saint-emilion\/#primaryimage\",\"url\":\"https:\/\/www.franckdespagne.com\/wp-content\/uploads\/2020-jamard-bellecour-lussac-saint-emilion-bordeaux.png\",\"contentUrl\":\"https:\/\/www.franckdespagne.com\/wp-content\/uploads\/2020-jamard-bellecour-lussac-saint-emilion-bordeaux.png\",\"width\":250,\"height\":500},{\"@type\":\"BreadcrumbList\",\"@id\":\"https:\/\/www.franckdespagne.com\/fr\/chateau-jamard-belcour-lussac-saint-emilion\/#breadcrumb\",\"itemListElement\":[{\"@type\":\"ListItem\",\"position\":1,\"name\":\"Accueil\",\"item\":\"https:\/\/www.franckdespagne.com\/fr\/\"},{\"@type\":\"ListItem\",\"position\":2,\"name\":\"Ch\u00e2teau Jamard Belcour\"}]},{\"@type\":\"WebSite\",\"@id\":\"https:\/\/www.franckdespagne.com\/fr\/#website\",\"url\":\"https:\/\/www.franckdespagne.com\/fr\/\",\"name\":\"Franck Despagne - Montagne Saint-Emilion\",\"description\":\"\",\"potentialAction\":[{\"@type\":\"SearchAction\",\"target\":{\"@type\":\"EntryPoint\",\"urlTemplate\":\"https:\/\/www.franckdespagne.com\/fr\/?s={search_term_string}\"},\"query-input\":{\"@type\":\"PropertyValueSpecification\",\"valueRequired\":true,\"valueName\":\"search_term_string\"}}],\"inLanguage\":\"fr-FR\"}]}<\/script>\n<!-- \/ Yoast SEO plugin. -->","yoast_head_json":{"title":"Chateau Jamard Belcour - Lussac Saint Emilion - Franck Despagne","description":"Vin \u00e9lev\u00e9 en cuve qui procure un r\u00e9el plaisir avec de l\u2019\u00e9l\u00e9gance et la fra\u00eecheur du fruit. Vin \u00e0 appr\u00e9cier dans les 3 \u00e0 5 ans","robots":{"index":"index","follow":"follow","max-snippet":"max-snippet:-1","max-image-preview":"max-image-preview:large","max-video-preview":"max-video-preview:-1"},"canonical":"https:\/\/www.franckdespagne.com\/fr\/chateau-jamard-belcour-lussac-saint-emilion\/","og_locale":"fr_FR","og_type":"article","og_title":"Chateau Jamard Belcour - Lussac Saint Emilion - Franck Despagne","og_description":"Vin \u00e9lev\u00e9 en cuve qui procure un r\u00e9el plaisir avec de l\u2019\u00e9l\u00e9gance et la fra\u00eecheur du fruit. Vin \u00e0 appr\u00e9cier dans les 3 \u00e0 5 ans","og_url":"https:\/\/www.franckdespagne.com\/fr\/chateau-jamard-belcour-lussac-saint-emilion\/","og_site_name":"Franck Despagne - Montagne Saint-Emilion","article_modified_time":"2025-10-24T14:58:56+00:00","og_image":[{"width":250,"height":500,"url":"https:\/\/www.franckdespagne.com\/wp-content\/uploads\/2020-jamard-bellecour-lussac-saint-emilion-bordeaux.png","type":"image\/png"}],"twitter_misc":{"Dur\u00e9e de lecture estim\u00e9e":"1 minute"},"schema":{"@context":"https:\/\/schema.org","@graph":[{"@type":"WebPage","@id":"https:\/\/www.franckdespagne.com\/fr\/chateau-jamard-belcour-lussac-saint-emilion\/","url":"https:\/\/www.franckdespagne.com\/fr\/chateau-jamard-belcour-lussac-saint-emilion\/","name":"Chateau Jamard Belcour - Lussac Saint Emilion - Franck Despagne","isPartOf":{"@id":"https:\/\/www.franckdespagne.com\/fr\/#website"},"primaryImageOfPage":{"@id":"https:\/\/www.franckdespagne.com\/fr\/chateau-jamard-belcour-lussac-saint-emilion\/#primaryimage"},"image":{"@id":"https:\/\/www.franckdespagne.com\/fr\/chateau-jamard-belcour-lussac-saint-emilion\/#primaryimage"},"thumbnailUrl":"https:\/\/www.franckdespagne.com\/wp-content\/uploads\/2020-jamard-bellecour-lussac-saint-emilion-bordeaux.png","datePublished":"2014-09-25T08:19:27+00:00","dateModified":"2025-10-24T14:58:56+00:00","description":"Vin \u00e9lev\u00e9 en cuve qui procure un r\u00e9el plaisir avec de l\u2019\u00e9l\u00e9gance et la fra\u00eecheur du fruit. Vin \u00e0 appr\u00e9cier dans les 3 \u00e0 5 ans","breadcrumb":{"@id":"https:\/\/www.franckdespagne.com\/fr\/chateau-jamard-belcour-lussac-saint-emilion\/#breadcrumb"},"inLanguage":"fr-FR","potentialAction":[{"@type":"ReadAction","target":["https:\/\/www.franckdespagne.com\/fr\/chateau-jamard-belcour-lussac-saint-emilion\/"]}]},{"@type":"ImageObject","inLanguage":"fr-FR","@id":"https:\/\/www.franckdespagne.com\/fr\/chateau-jamard-belcour-lussac-saint-emilion\/#primaryimage","url":"https:\/\/www.franckdespagne.com\/wp-content\/uploads\/2020-jamard-bellecour-lussac-saint-emilion-bordeaux.png","contentUrl":"https:\/\/www.franckdespagne.com\/wp-content\/uploads\/2020-jamard-bellecour-lussac-saint-emilion-bordeaux.png","width":250,"height":500},{"@type":"BreadcrumbList","@id":"https:\/\/www.franckdespagne.com\/fr\/chateau-jamard-belcour-lussac-saint-emilion\/#breadcrumb","itemListElement":[{"@type":"ListItem","position":1,"name":"Accueil","item":"https:\/\/www.franckdespagne.com\/fr\/"},{"@type":"ListItem","position":2,"name":"Ch\u00e2teau Jamard Belcour"}]},{"@type":"WebSite","@id":"https:\/\/www.franckdespagne.com\/fr\/#website","url":"https:\/\/www.franckdespagne.com\/fr\/","name":"Franck Despagne - Montagne Saint-Emilion","description":"","potentialAction":[{"@type":"SearchAction","target":{"@type":"EntryPoint","urlTemplate":"https:\/\/www.franckdespagne.com\/fr\/?s={search_term_string}"},"query-input":{"@type":"PropertyValueSpecification","valueRequired":true,"valueName":"search_term_string"}}],"inLanguage":"fr-FR"}]}},"_links":{"self":[{"href":"https:\/\/www.franckdespagne.com\/fr\/wp-json\/wp\/v2\/pages\/30"}],"collection":[{"href":"https:\/\/www.franckdespagne.com\/fr\/wp-json\/wp\/v2\/pages"}],"about":[{"href":"https:\/\/www.franckdespagne.com\/fr\/wp-json\/wp\/v2\/types\/page"}],"author":[{"embeddable":true,"href":"https:\/\/www.franckdespagne.com\/fr\/wp-json\/wp\/v2\/users\/1"}],"replies":[{"embeddable":true,"href":"https:\/\/www.franckdespagne.com\/fr\/wp-json\/wp\/v2\/comments?post=30"}],"version-history":[{"count":30,"href":"https:\/\/www.franckdespagne.com\/fr\/wp-json\/wp\/v2\/pages\/30\/revisions"}],"predecessor-version":[{"id":1206,"href":"https:\/\/www.franckdespagne.com\/fr\/wp-json\/wp\/v2\/pages\/30\/revisions\/1206"}],"wp:featuredmedia":[{"embeddable":true,"href":"https:\/\/www.franckdespagne.com\/fr\/wp-json\/wp\/v2\/media\/934"}],"wp:attachment":[{"href":"https:\/\/www.franckdespagne.com\/fr\/wp-json\/wp\/v2\/media?parent=30"}],"curies":[{"name":"wp","href":"https:\/\/api.w.org\/{rel}","templated":true}]}}

Château Jamard Belcour

<p><span class="legend_product">Lussac Saint Emilion</span></p>
<p>Vin élevé en cuve qui procure un réel plaisir avec de l’élégance et la fraîcheur du fruit.<br />
Vin à apprécier dans les 3 à 5 ans&#8230;</p>
<p class="text_light">Terroir : argilo calcaire et limono argileux<br />
90% merlot et 10% cabernet franc</p>
<p><strong>2022 &#8211; Médaille d&rsquo;or au Concours de Lyon<br />
2021 &#8211; Médaille d&rsquo;argent au Concours de Bordeaux<br />
2020 &#8211; Médaille d&rsquo;or au Concours de Bordeaux<br />
2018 &#8211; Médaille de bronze au Concours de Bordeaux<br />
2016 &#8211; Médaille d&rsquo;or au Concours de Bordeaux<br />
2016 &#8211; Médaille d&rsquo;or au Concours de Lyon<br />
2014 &#8211; Médaille de bronze au Concours de Bordeaux<br />
2012 &#8211; Médaille d&rsquo;argent au Concours de Bordeaux</strong></p>

<p>Lussac Saint Emilion Vin élevé en cuve qui procure un réel plaisir avec de l’élégance et la fraîcheur du fruit. Vin à apprécier dans les 3 à 5 ans&#8230; Terroir : argilo calcaire et limono argileux 90% merlot et 10% cabernet franc 2022 &#8211; Médaille d&rsquo;or au Concours de Lyon 2021 &#8211; Médaille d&rsquo;argent au [&hellip;]</p>

<!-- This site is optimized with the Yoast SEO plugin v24.4 - https://yoast.com/wordpress/plugins/seo/ -->
<title>Chateau Jamard Belcour - Lussac Saint Emilion - Franck Despagne</title>
<meta name="description" content="Vin élevé en cuve qui procure un réel plaisir avec de l’élégance et la fraîcheur du fruit. Vin à apprécier dans les 3 à 5 ans" />
<meta name="robots" content="index, follow, max-snippet:-1, max-image-preview:large, max-video-preview:-1" />
<link rel="canonical" href="https://www.franckdespagne.com/fr/chateau-jamard-belcour-lussac-saint-emilion/" />
<meta property="og:locale" content="fr_FR" />
<meta property="og:type" content="article" />
<meta property="og:title" content="Chateau Jamard Belcour - Lussac Saint Emilion - Franck Despagne" />
<meta property="og:description" content="Vin élevé en cuve qui procure un réel plaisir avec de l’élégance et la fraîcheur du fruit. Vin à apprécier dans les 3 à 5 ans" />
<meta property="og:url" content="https://www.franckdespagne.com/fr/chateau-jamard-belcour-lussac-saint-emilion/" />
<meta property="og:site_name" content="Franck Despagne - Montagne Saint-Emilion" />
<meta property="article:modified_time" content="2025-10-24T14:58:56+00:00" />
<meta property="og:image" content="https://www.franckdespagne.com/wp-content/uploads/2020-jamard-bellecour-lussac-saint-emilion-bordeaux.png" />
	<meta property="og:image:width" content="250" />
	<meta property="og:image:height" content="500" />
	<meta property="og:image:type" content="image/png" />
<meta name="twitter:label1" content="Durée de lecture estimée" />
	<meta name="twitter:data1" content="1 minute" />
<script type="application/ld+json" class="yoast-schema-graph">{"@context":"https://schema.org","@graph":[{"@type":"WebPage","@id":"https://www.franckdespagne.com/fr/chateau-jamard-belcour-lussac-saint-emilion/","url":"https://www.franckdespagne.com/fr/chateau-jamard-belcour-lussac-saint-emilion/","name":"Chateau Jamard Belcour - Lussac Saint Emilion - Franck Despagne","isPartOf":{"@id":"https://www.franckdespagne.com/fr/#website"},"primaryImageOfPage":{"@id":"https://www.franckdespagne.com/fr/chateau-jamard-belcour-lussac-saint-emilion/#primaryimage"},"image":{"@id":"https://www.franckdespagne.com/fr/chateau-jamard-belcour-lussac-saint-emilion/#primaryimage"},"thumbnailUrl":"https://www.franckdespagne.com/wp-content/uploads/2020-jamard-bellecour-lussac-saint-emilion-bordeaux.png","datePublished":"2014-09-25T08:19:27+00:00","dateModified":"2025-10-24T14:58:56+00:00","description":"Vin élevé en cuve qui procure un réel plaisir avec de l’élégance et la fraîcheur du fruit. Vin à apprécier dans les 3 à 5 ans","breadcrumb":{"@id":"https://www.franckdespagne.com/fr/chateau-jamard-belcour-lussac-saint-emilion/#breadcrumb"},"inLanguage":"fr-FR","potentialAction":[{"@type":"ReadAction","target":["https://www.franckdespagne.com/fr/chateau-jamard-belcour-lussac-saint-emilion/"]}]},{"@type":"ImageObject","inLanguage":"fr-FR","@id":"https://www.franckdespagne.com/fr/chateau-jamard-belcour-lussac-saint-emilion/#primaryimage","url":"https://www.franckdespagne.com/wp-content/uploads/2020-jamard-bellecour-lussac-saint-emilion-bordeaux.png","contentUrl":"https://www.franckdespagne.com/wp-content/uploads/2020-jamard-bellecour-lussac-saint-emilion-bordeaux.png","width":250,"height":500},{"@type":"BreadcrumbList","@id":"https://www.franckdespagne.com/fr/chateau-jamard-belcour-lussac-saint-emilion/#breadcrumb","itemListElement":[{"@type":"ListItem","position":1,"name":"Accueil","item":"https://www.franckdespagne.com/fr/"},{"@type":"ListItem","position":2,"name":"Château Jamard Belcour"}]},{"@type":"WebSite","@id":"https://www.franckdespagne.com/fr/#website","url":"https://www.franckdespagne.com/fr/","name":"Franck Despagne - Montagne Saint-Emilion","description":"","potentialAction":[{"@type":"SearchAction","target":{"@type":"EntryPoint","urlTemplate":"https://www.franckdespagne.com/fr/?s={search_term_string}"},"query-input":{"@type":"PropertyValueSpecification","valueRequired":true,"valueName":"search_term_string"}}],"inLanguage":"fr-FR"}]}</script>
<!-- / Yoast SEO plugin. -->

Vin élevé en cuve qui procure un réel plaisir avec de l’élégance et la fraîcheur du fruit. Vin à apprécier dans les 3 à 5 ans
