{"id":28,"date":"2014-09-25T09:19:09","date_gmt":"2014-09-25T08:19:09","guid":{"rendered":"https:\/\/franckdespagne.com\/?page_id=28"},"modified":"2024-10-23T10:54:07","modified_gmt":"2024-10-23T09:54:07","slug":"chateau-vieux-bonneau-montagne-saint-emilion","status":"publish","type":"page","link":"https:\/\/www.franckdespagne.com\/fr\/chateau-vieux-bonneau-montagne-saint-emilion\/","title":{"rendered":"Ch\u00e2teau Vieux Bonneau"},"content":{"rendered":"<p><span class=\"legend_product\">Montagne Saint Emilion<\/span><\/p>\n<p>Vin \u00e9lev\u00e9 en barrique d\u2019un an. La couleur est soutenue, la bouche harmonieuse et \u00e9quilibr\u00e9e.<br \/>\nVin de garde.<\/p>\n<p class=\"text_light\">Terroir : argilo calcaire<br \/>\n85% de merlot, 5% de cabernet franc et 10% cabernet sauvignon<\/p>\n<p><strong>2021 &#8211; M\u00e9daille d&rsquo;argent au Concours de Lyon<br \/>\n<\/strong><strong>2020 &#8211; \u00c9toile au Guide Hachette<br \/>\n2020 &#8211; M\u00e9daille d&rsquo;or au Concours de Bordeaux<br \/>\n2019 &#8211; M\u00e9daille d&rsquo;or au Concours de Bordeaux<br \/>\n2018 &#8211; M\u00e9daille d&rsquo;or au Concours de Lyon<br \/>\n2016 &#8211; M\u00e9daille d&rsquo;or Concours International de Lyon<br \/>\n2015 &#8211; M\u00e9daille d&rsquo;or au Concours de Bordeaux<br \/>\n2014 &#8211; Une \u00e9toile au Guide Hachette 2018<br \/>\n2014 &#8211; M\u00e9daille d&rsquo;argent au Concours de Bordeaux<br \/>\n2012 &#8211; M\u00e9daille d&rsquo;or au Concours de Bordeaux<br \/>\n<\/strong><\/p>\n","protected":false},"excerpt":{"rendered":"<p>Montagne Saint Emilion Vin \u00e9lev\u00e9 en barrique d\u2019un an. La couleur est soutenue, la bouche harmonieuse et \u00e9quilibr\u00e9e. Vin de garde. Terroir : argilo calcaire 85% de merlot, 5% de cabernet franc et 10% cabernet sauvignon 2021 &#8211; M\u00e9daille d&rsquo;argent au Concours de Lyon 2020 &#8211; \u00c9toile au Guide Hachette 2020 &#8211; M\u00e9daille d&rsquo;or au [&hellip;]<\/p>\n","protected":false},"author":1,"featured_media":610,"parent":0,"menu_order":0,"comment_status":"open","ping_status":"open","template":"page-templates\/full-width.php","meta":{"footnotes":""},"yoast_head":"<!-- This site is optimized with the Yoast SEO plugin v24.4 - https:\/\/yoast.com\/wordpress\/plugins\/seo\/ -->\n<title>Ch\u00e2teau Vieux Bonneau - Franck Despagne - Montagne Saint-Emilion<\/title>\n<meta name=\"description\" content=\"Vin \u00e9lev\u00e9 en barrique d\u2019un an. La couleur est soutenue, la bouche harmonieuse et \u00e9quilibr\u00e9e. Vin de garde.\" \/>\n<meta name=\"robots\" content=\"index, follow, max-snippet:-1, max-image-preview:large, max-video-preview:-1\" \/>\n<link rel=\"canonical\" href=\"https:\/\/www.franckdespagne.com\/fr\/chateau-vieux-bonneau-montagne-saint-emilion\/\" \/>\n<meta property=\"og:locale\" content=\"fr_FR\" \/>\n<meta property=\"og:type\" content=\"article\" \/>\n<meta property=\"og:title\" content=\"Ch\u00e2teau Vieux Bonneau - Franck Despagne - Montagne Saint-Emilion\" \/>\n<meta property=\"og:description\" content=\"Vin \u00e9lev\u00e9 en barrique d\u2019un an. La couleur est soutenue, la bouche harmonieuse et \u00e9quilibr\u00e9e. Vin de garde.\" \/>\n<meta property=\"og:url\" content=\"https:\/\/www.franckdespagne.com\/fr\/chateau-vieux-bonneau-montagne-saint-emilion\/\" \/>\n<meta property=\"og:site_name\" content=\"Franck Despagne - Montagne Saint-Emilion\" \/>\n<meta property=\"article:modified_time\" content=\"2024-10-23T09:54:07+00:00\" \/>\n<meta property=\"og:image\" content=\"https:\/\/www.franckdespagne.com\/wp-content\/uploads\/bouteille_vieux_bonneau_despagne1.png\" \/>\n\t<meta property=\"og:image:width\" content=\"250\" \/>\n\t<meta property=\"og:image:height\" content=\"500\" \/>\n\t<meta property=\"og:image:type\" content=\"image\/png\" \/>\n<meta name=\"twitter:label1\" content=\"Dur\u00e9e de lecture estim\u00e9e\" \/>\n\t<meta name=\"twitter:data1\" content=\"1 minute\" \/>\n<script type=\"application\/ld+json\" class=\"yoast-schema-graph\">{\"@context\":\"https:\/\/schema.org\",\"@graph\":[{\"@type\":\"WebPage\",\"@id\":\"https:\/\/www.franckdespagne.com\/fr\/chateau-vieux-bonneau-montagne-saint-emilion\/\",\"url\":\"https:\/\/www.franckdespagne.com\/fr\/chateau-vieux-bonneau-montagne-saint-emilion\/\",\"name\":\"Ch\u00e2teau Vieux Bonneau - Franck Despagne - Montagne Saint-Emilion\",\"isPartOf\":{\"@id\":\"https:\/\/www.franckdespagne.com\/fr\/#website\"},\"primaryImageOfPage\":{\"@id\":\"https:\/\/www.franckdespagne.com\/fr\/chateau-vieux-bonneau-montagne-saint-emilion\/#primaryimage\"},\"image\":{\"@id\":\"https:\/\/www.franckdespagne.com\/fr\/chateau-vieux-bonneau-montagne-saint-emilion\/#primaryimage\"},\"thumbnailUrl\":\"https:\/\/www.franckdespagne.com\/wp-content\/uploads\/bouteille_vieux_bonneau_despagne1.png\",\"datePublished\":\"2014-09-25T08:19:09+00:00\",\"dateModified\":\"2024-10-23T09:54:07+00:00\",\"description\":\"Vin \u00e9lev\u00e9 en barrique d\u2019un an. La couleur est soutenue, la bouche harmonieuse et \u00e9quilibr\u00e9e. Vin de garde.\",\"breadcrumb\":{\"@id\":\"https:\/\/www.franckdespagne.com\/fr\/chateau-vieux-bonneau-montagne-saint-emilion\/#breadcrumb\"},\"inLanguage\":\"fr-FR\",\"potentialAction\":[{\"@type\":\"ReadAction\",\"target\":[\"https:\/\/www.franckdespagne.com\/fr\/chateau-vieux-bonneau-montagne-saint-emilion\/\"]}]},{\"@type\":\"ImageObject\",\"inLanguage\":\"fr-FR\",\"@id\":\"https:\/\/www.franckdespagne.com\/fr\/chateau-vieux-bonneau-montagne-saint-emilion\/#primaryimage\",\"url\":\"https:\/\/www.franckdespagne.com\/wp-content\/uploads\/bouteille_vieux_bonneau_despagne1.png\",\"contentUrl\":\"https:\/\/www.franckdespagne.com\/wp-content\/uploads\/bouteille_vieux_bonneau_despagne1.png\",\"width\":250,\"height\":500},{\"@type\":\"BreadcrumbList\",\"@id\":\"https:\/\/www.franckdespagne.com\/fr\/chateau-vieux-bonneau-montagne-saint-emilion\/#breadcrumb\",\"itemListElement\":[{\"@type\":\"ListItem\",\"position\":1,\"name\":\"Accueil\",\"item\":\"https:\/\/www.franckdespagne.com\/fr\/\"},{\"@type\":\"ListItem\",\"position\":2,\"name\":\"Ch\u00e2teau Vieux Bonneau\"}]},{\"@type\":\"WebSite\",\"@id\":\"https:\/\/www.franckdespagne.com\/fr\/#website\",\"url\":\"https:\/\/www.franckdespagne.com\/fr\/\",\"name\":\"Franck Despagne - Montagne Saint-Emilion\",\"description\":\"\",\"potentialAction\":[{\"@type\":\"SearchAction\",\"target\":{\"@type\":\"EntryPoint\",\"urlTemplate\":\"https:\/\/www.franckdespagne.com\/fr\/?s={search_term_string}\"},\"query-input\":{\"@type\":\"PropertyValueSpecification\",\"valueRequired\":true,\"valueName\":\"search_term_string\"}}],\"inLanguage\":\"fr-FR\"}]}<\/script>\n<!-- \/ Yoast SEO plugin. -->","yoast_head_json":{"title":"Ch\u00e2teau Vieux Bonneau - Franck Despagne - Montagne Saint-Emilion","description":"Vin \u00e9lev\u00e9 en barrique d\u2019un an. La couleur est soutenue, la bouche harmonieuse et \u00e9quilibr\u00e9e. Vin de garde.","robots":{"index":"index","follow":"follow","max-snippet":"max-snippet:-1","max-image-preview":"max-image-preview:large","max-video-preview":"max-video-preview:-1"},"canonical":"https:\/\/www.franckdespagne.com\/fr\/chateau-vieux-bonneau-montagne-saint-emilion\/","og_locale":"fr_FR","og_type":"article","og_title":"Ch\u00e2teau Vieux Bonneau - Franck Despagne - Montagne Saint-Emilion","og_description":"Vin \u00e9lev\u00e9 en barrique d\u2019un an. La couleur est soutenue, la bouche harmonieuse et \u00e9quilibr\u00e9e. Vin de garde.","og_url":"https:\/\/www.franckdespagne.com\/fr\/chateau-vieux-bonneau-montagne-saint-emilion\/","og_site_name":"Franck Despagne - Montagne Saint-Emilion","article_modified_time":"2024-10-23T09:54:07+00:00","og_image":[{"width":250,"height":500,"url":"https:\/\/www.franckdespagne.com\/wp-content\/uploads\/bouteille_vieux_bonneau_despagne1.png","type":"image\/png"}],"twitter_misc":{"Dur\u00e9e de lecture estim\u00e9e":"1 minute"},"schema":{"@context":"https:\/\/schema.org","@graph":[{"@type":"WebPage","@id":"https:\/\/www.franckdespagne.com\/fr\/chateau-vieux-bonneau-montagne-saint-emilion\/","url":"https:\/\/www.franckdespagne.com\/fr\/chateau-vieux-bonneau-montagne-saint-emilion\/","name":"Ch\u00e2teau Vieux Bonneau - Franck Despagne - Montagne Saint-Emilion","isPartOf":{"@id":"https:\/\/www.franckdespagne.com\/fr\/#website"},"primaryImageOfPage":{"@id":"https:\/\/www.franckdespagne.com\/fr\/chateau-vieux-bonneau-montagne-saint-emilion\/#primaryimage"},"image":{"@id":"https:\/\/www.franckdespagne.com\/fr\/chateau-vieux-bonneau-montagne-saint-emilion\/#primaryimage"},"thumbnailUrl":"https:\/\/www.franckdespagne.com\/wp-content\/uploads\/bouteille_vieux_bonneau_despagne1.png","datePublished":"2014-09-25T08:19:09+00:00","dateModified":"2024-10-23T09:54:07+00:00","description":"Vin \u00e9lev\u00e9 en barrique d\u2019un an. La couleur est soutenue, la bouche harmonieuse et \u00e9quilibr\u00e9e. Vin de garde.","breadcrumb":{"@id":"https:\/\/www.franckdespagne.com\/fr\/chateau-vieux-bonneau-montagne-saint-emilion\/#breadcrumb"},"inLanguage":"fr-FR","potentialAction":[{"@type":"ReadAction","target":["https:\/\/www.franckdespagne.com\/fr\/chateau-vieux-bonneau-montagne-saint-emilion\/"]}]},{"@type":"ImageObject","inLanguage":"fr-FR","@id":"https:\/\/www.franckdespagne.com\/fr\/chateau-vieux-bonneau-montagne-saint-emilion\/#primaryimage","url":"https:\/\/www.franckdespagne.com\/wp-content\/uploads\/bouteille_vieux_bonneau_despagne1.png","contentUrl":"https:\/\/www.franckdespagne.com\/wp-content\/uploads\/bouteille_vieux_bonneau_despagne1.png","width":250,"height":500},{"@type":"BreadcrumbList","@id":"https:\/\/www.franckdespagne.com\/fr\/chateau-vieux-bonneau-montagne-saint-emilion\/#breadcrumb","itemListElement":[{"@type":"ListItem","position":1,"name":"Accueil","item":"https:\/\/www.franckdespagne.com\/fr\/"},{"@type":"ListItem","position":2,"name":"Ch\u00e2teau Vieux Bonneau"}]},{"@type":"WebSite","@id":"https:\/\/www.franckdespagne.com\/fr\/#website","url":"https:\/\/www.franckdespagne.com\/fr\/","name":"Franck Despagne - Montagne Saint-Emilion","description":"","potentialAction":[{"@type":"SearchAction","target":{"@type":"EntryPoint","urlTemplate":"https:\/\/www.franckdespagne.com\/fr\/?s={search_term_string}"},"query-input":{"@type":"PropertyValueSpecification","valueRequired":true,"valueName":"search_term_string"}}],"inLanguage":"fr-FR"}]}},"_links":{"self":[{"href":"https:\/\/www.franckdespagne.com\/fr\/wp-json\/wp\/v2\/pages\/28"}],"collection":[{"href":"https:\/\/www.franckdespagne.com\/fr\/wp-json\/wp\/v2\/pages"}],"about":[{"href":"https:\/\/www.franckdespagne.com\/fr\/wp-json\/wp\/v2\/types\/page"}],"author":[{"embeddable":true,"href":"https:\/\/www.franckdespagne.com\/fr\/wp-json\/wp\/v2\/users\/1"}],"replies":[{"embeddable":true,"href":"https:\/\/www.franckdespagne.com\/fr\/wp-json\/wp\/v2\/comments?post=28"}],"version-history":[{"count":28,"href":"https:\/\/www.franckdespagne.com\/fr\/wp-json\/wp\/v2\/pages\/28\/revisions"}],"predecessor-version":[{"id":1161,"href":"https:\/\/www.franckdespagne.com\/fr\/wp-json\/wp\/v2\/pages\/28\/revisions\/1161"}],"wp:featuredmedia":[{"embeddable":true,"href":"https:\/\/www.franckdespagne.com\/fr\/wp-json\/wp\/v2\/media\/610"}],"wp:attachment":[{"href":"https:\/\/www.franckdespagne.com\/fr\/wp-json\/wp\/v2\/media?parent=28"}],"curies":[{"name":"wp","href":"https:\/\/api.w.org\/{rel}","templated":true}]}}

Château Vieux Bonneau

<p><span class="legend_product">Montagne Saint Emilion</span></p>
<p>Vin élevé en barrique d’un an. La couleur est soutenue, la bouche harmonieuse et équilibrée.<br />
Vin de garde.</p>
<p class="text_light">Terroir : argilo calcaire<br />
85% de merlot, 5% de cabernet franc et 10% cabernet sauvignon</p>
<p><strong>2021 &#8211; Médaille d&rsquo;argent au Concours de Lyon<br />
</strong><strong>2020 &#8211; Étoile au Guide Hachette<br />
2020 &#8211; Médaille d&rsquo;or au Concours de Bordeaux<br />
2019 &#8211; Médaille d&rsquo;or au Concours de Bordeaux<br />
2018 &#8211; Médaille d&rsquo;or au Concours de Lyon<br />
2016 &#8211; Médaille d&rsquo;or Concours International de Lyon<br />
2015 &#8211; Médaille d&rsquo;or au Concours de Bordeaux<br />
2014 &#8211; Une étoile au Guide Hachette 2018<br />
2014 &#8211; Médaille d&rsquo;argent au Concours de Bordeaux<br />
2012 &#8211; Médaille d&rsquo;or au Concours de Bordeaux<br />
</strong></p>

<p>Montagne Saint Emilion Vin élevé en barrique d’un an. La couleur est soutenue, la bouche harmonieuse et équilibrée. Vin de garde. Terroir : argilo calcaire 85% de merlot, 5% de cabernet franc et 10% cabernet sauvignon 2021 &#8211; Médaille d&rsquo;argent au Concours de Lyon 2020 &#8211; Étoile au Guide Hachette 2020 &#8211; Médaille d&rsquo;or au [&hellip;]</p>

<!-- This site is optimized with the Yoast SEO plugin v24.4 - https://yoast.com/wordpress/plugins/seo/ -->
<title>Château Vieux Bonneau - Franck Despagne - Montagne Saint-Emilion</title>
<meta name="description" content="Vin élevé en barrique d’un an. La couleur est soutenue, la bouche harmonieuse et équilibrée. Vin de garde." />
<meta name="robots" content="index, follow, max-snippet:-1, max-image-preview:large, max-video-preview:-1" />
<link rel="canonical" href="https://www.franckdespagne.com/fr/chateau-vieux-bonneau-montagne-saint-emilion/" />
<meta property="og:locale" content="fr_FR" />
<meta property="og:type" content="article" />
<meta property="og:title" content="Château Vieux Bonneau - Franck Despagne - Montagne Saint-Emilion" />
<meta property="og:description" content="Vin élevé en barrique d’un an. La couleur est soutenue, la bouche harmonieuse et équilibrée. Vin de garde." />
<meta property="og:url" content="https://www.franckdespagne.com/fr/chateau-vieux-bonneau-montagne-saint-emilion/" />
<meta property="og:site_name" content="Franck Despagne - Montagne Saint-Emilion" />
<meta property="article:modified_time" content="2024-10-23T09:54:07+00:00" />
<meta property="og:image" content="https://www.franckdespagne.com/wp-content/uploads/bouteille_vieux_bonneau_despagne1.png" />
	<meta property="og:image:width" content="250" />
	<meta property="og:image:height" content="500" />
	<meta property="og:image:type" content="image/png" />
<meta name="twitter:label1" content="Durée de lecture estimée" />
	<meta name="twitter:data1" content="1 minute" />
<script type="application/ld+json" class="yoast-schema-graph">{"@context":"https://schema.org","@graph":[{"@type":"WebPage","@id":"https://www.franckdespagne.com/fr/chateau-vieux-bonneau-montagne-saint-emilion/","url":"https://www.franckdespagne.com/fr/chateau-vieux-bonneau-montagne-saint-emilion/","name":"Château Vieux Bonneau - Franck Despagne - Montagne Saint-Emilion","isPartOf":{"@id":"https://www.franckdespagne.com/fr/#website"},"primaryImageOfPage":{"@id":"https://www.franckdespagne.com/fr/chateau-vieux-bonneau-montagne-saint-emilion/#primaryimage"},"image":{"@id":"https://www.franckdespagne.com/fr/chateau-vieux-bonneau-montagne-saint-emilion/#primaryimage"},"thumbnailUrl":"https://www.franckdespagne.com/wp-content/uploads/bouteille_vieux_bonneau_despagne1.png","datePublished":"2014-09-25T08:19:09+00:00","dateModified":"2024-10-23T09:54:07+00:00","description":"Vin élevé en barrique d’un an. La couleur est soutenue, la bouche harmonieuse et équilibrée. Vin de garde.","breadcrumb":{"@id":"https://www.franckdespagne.com/fr/chateau-vieux-bonneau-montagne-saint-emilion/#breadcrumb"},"inLanguage":"fr-FR","potentialAction":[{"@type":"ReadAction","target":["https://www.franckdespagne.com/fr/chateau-vieux-bonneau-montagne-saint-emilion/"]}]},{"@type":"ImageObject","inLanguage":"fr-FR","@id":"https://www.franckdespagne.com/fr/chateau-vieux-bonneau-montagne-saint-emilion/#primaryimage","url":"https://www.franckdespagne.com/wp-content/uploads/bouteille_vieux_bonneau_despagne1.png","contentUrl":"https://www.franckdespagne.com/wp-content/uploads/bouteille_vieux_bonneau_despagne1.png","width":250,"height":500},{"@type":"BreadcrumbList","@id":"https://www.franckdespagne.com/fr/chateau-vieux-bonneau-montagne-saint-emilion/#breadcrumb","itemListElement":[{"@type":"ListItem","position":1,"name":"Accueil","item":"https://www.franckdespagne.com/fr/"},{"@type":"ListItem","position":2,"name":"Château Vieux Bonneau"}]},{"@type":"WebSite","@id":"https://www.franckdespagne.com/fr/#website","url":"https://www.franckdespagne.com/fr/","name":"Franck Despagne - Montagne Saint-Emilion","description":"","potentialAction":[{"@type":"SearchAction","target":{"@type":"EntryPoint","urlTemplate":"https://www.franckdespagne.com/fr/?s={search_term_string}"},"query-input":{"@type":"PropertyValueSpecification","valueRequired":true,"valueName":"search_term_string"}}],"inLanguage":"fr-FR"}]}</script>
<!-- / Yoast SEO plugin. -->

Château Vieux Bonneau - Franck Despagne - Montagne Saint-Emilion

Vin élevé en barrique d’un an. La couleur est soutenue, la bouche harmonieuse et équilibrée. Vin de garde.
